 digit of q?
9
Let a(n) = 10*n**2 + n - 1. Let h = 2 + -1. What is the units digit of a(h)?
0
Suppose 8*d - 40 = 3*d. Suppose -4*q = -2*q - d. What is the units digit of q?
4
Suppose -v - 2*d = -150, 3*v - 3*d = 55 + 359. What is the units digit of v?
2
Let n = 9 - 3. Let x = -2 + n. Let b = x + 5. What is the units digit of b?
9
Suppose -5*q + 0*k = 3*k - 52, 28 = 2*q + 3*k. Let u(b) = -b + 13. Let d be u(q). Suppose v + 20 = d*v + 4*p, 5*v - 3*p + 7 = 0. What is the units digit of v?
1
Let u(n) = -51*n - 2. Let b be u(-2). Suppose 5*d = 3*q + q + b, 3*d = -3*q + 33. What is the tens digit of d?
1
Let a(v) = -6 + v**2 - 2 - 2*v - 2*v**2 - 6*v. What is the units digit of a(-6)?
4
Let k be 1/4 - (-1)/(-4). Suppose -4 = -g - k. Let i(m) = 3*m - 5. What is the units digit of i(g)?
7
Let m be (-1)/2 + 117/6. Let x = m + -13. What is the units digit of x?
6
Suppose -5*b - 3 - 17 = 0. Let c = 10 + b. Let q = 6 + c. What is the tens digit of q?
1
Let f = 9 + -6. Suppose 8*v - f*v - 260 = 0. What is the units digit of v?
2
What is the tens digit of (-3 - -1) + (35 - 0)?
3
Let a(d) = -d + 9. Let i be a(7). Suppose 3*q - q + 4*h - 20 = 0, -i*h - 2 = -q. Suppose -2*k + l - 1 = -q, 10 = k + l. What is the units digit of k?
5
Suppose -2*n + 13 = h, 0 = 5*h + n - 76 - 16. What is the tens digit of h?
1
Let o(a) = -2*a. Let b be o(-6). Suppose -w + b = 2*w. Suppose 0 = w*t - 4*p - 76, -5*p - 85 = -5*t - 2*p. What is the units digit of t?
4
Let x = -1 - -4. Suppose -6 = -x*g + 6. Suppose -u = -5*d + 9 - g, d = -4*u + 22. What is the units digit of u?
5
Let j = 10 - -70. What is the units digit of j?
0
What is the units digit of 19 + -3 + (0 - 0)?
6
Suppose -s + 28 = 5*l, -3*s + 4*s = 3. Let m be l/(-15) - (-20)/6. Suppose 2*v - 10 - m = -3*t, 17 = 3*t + 4*v. What is the units digit of t?
3
Let q = 5 - -5. Let n = q + -4. What is the units digit of n?
6
Let f be 2/(-7) + (-207)/(-63). Let i = f - -15. What is the units digit of i?
8
Suppose 5*i - c = 270, 57 - 279 = -4*i + 2*c. Let z = -33 + i. What is the units digit of z?
0
Let r be (-1)/(-2) - (-129)/6. Let b = r + -14. What is the units digit of b?
8
Let h be (-8)/28 + (-9)/(-7). What is the tens digit of (1/((-2)/(-22)))/h?
1
Let a(k) = k**3 - 2*k**2 - 4*k + 3. Let c = 10 + -7. Let i be a(c). Suppose 0*o - 3*o + 5 = 2*l, 4*o - 5*l - 22 = i. What is the units digit of o?
3
Suppose -3*k = a - 1 + 8, 3*a - 39 = 3*k. What is the units digit of a?
8
Let i(d) = -9*d**2 + 24*d**2 + 6 + 7*d**3 - 8*d**3. What is the units digit of i(15)?
6
Suppose 0 = 4*n - 4*f - 424, 5*n - 3*n + 3*f - 237 = 0. What is the units digit of n?
1
Suppose -9*j + 4*j + 10 = 0. Let n = 10 + j. What is the units digit of n?
2
Suppose 3*o - 7 = -2*o + 3*n, -4*o = -n. Let u be o/(2 + -1) - 2. Let p(v) = v**2 - v - 4. What is the units digit of p(u)?
8
Let d(s) = -74*s**2 + 4*s + s - 4*s. Let h be d(-1). What is the units digit of (12/(-10))/(10/h)?
9
Let o = -5 + 3. What is the units digit of 16 + (-3 - 0 - o)?
5
Let o(a) = -10*a - 1. Let l be o(1). Let g = l - -26. What is the tens digit of g?
1
Let i(w) = -199*w - 16. What is the tens digit of i(-1)?
8
Suppose -5*z = -77 - 108. Let b = 53 - z. What is the units digit of b?
6
Suppose 2*f - 15 + 1 = 0. What is the units digit of f?
7
Let t be ((-3)/(-9) - 0)*3. Let f(w) = -t + 6 - 3 - 1 - w**2. What is the units digit of f(0)?
1
Let t = 8 + 2. Suppose 38 = b + t. Suppose 3*n - 13 = -2*w + 4, 4*w - b = -4*n. What is the units digit of n?
3
Let y be (7/21)/(2/(-66)). Let d = 44 + y. What is the units digit of d?
3
Let b(o) = 12*o**2 - 3*o - 12. What is the hundreds digit of b(5)?
2
Let g be 5 + 0*3/(-9). Suppose -77 = -g*r - 12. What is the units digit of r?
3
Suppose -3*t = -3*l + 588, 21*t - 19*t - 980 = -5*l. What is the tens digit of l?
9
Suppose -5*v + 3*i = -73, 51 = 4*v + 4*i + i. Suppose 0 = -5*u - 4*w + 41, 5*u - 3*u = -w + v. Suppose 0 = -n + u*n - 44. What is the units digit of n?
1
Suppose -3*z - 3*s + 8*s = -113, 0 = z - 4*s - 26. What is the units digit of z?
6
Let j(h) = -2*h + 37*h**2 - 2 + 1 - 36*h**2. What is the units digit of j(-1)?
2
What is the tens digit of (22 - 0) + 3 + -7?
1
What is the units digit of 14/(-12)*70*(-10 - -7)?
5
Let k(f) = -2*f**2 + 3*f - 9. Let t(w) = w**2 - 2*w + 5. Let i(x) = -3*k(x) - 5*t(x). Let h be i(-3). What is the units digit of 2/h + (-7)/(-4)?
2
Suppose -f = -2 - 1. Let l(d) = 3*d - 1. What is the units digit of l(f)?
8
Let a = -27 + 32. What is the units digit of a?
5
Suppose 5*p - 296 = p. What is the tens digit of p?
7
Let h be 0 - (-6)/(-9)*-3. Suppose -h*f = -39 - 57. What is the tens digit of f?
4
Let t be (-387)/(-15) + 3/15. Suppose 29 + t = 5*d. What is the units digit of d?
1
Let y(b) = 3*b + 6. What is the tens digit of y(8)?
3
Suppose 0 = -s + 7*s - 492. What is the tens digit of s?
8
Suppose 0 = -v + 3*q + 17, 5*v = -5*q + 59 + 26. What is the units digit of v?
7
Let h = 9 - 6. What is the units digit of h?
3
Let z(y) = -y**2 + 4*y + 7. Let g be z(3). Suppose 3*a - 33 = -3*o, -2*o - 12 = -2*a + g. What is the units digit of a?
1
Let n be (-2 - -1)/(4/(-16)). Let u = n - -4. What is the units digit of u?
8
Let o be 1/(-5) - 21/(-5). Suppose 0 = 3*k - o*w - 11, -w = -3*w - 4. What is the units digit of k*-11*-1*1?
1
Suppose 27 = 5*s + 302. Let z = s + 78. What is the units digit of z?
3
Let f = -5 - -1. Let k(p) = -2*p - 6. Let x be k(f). Suppose x*t + 4 = -0*t, -2*t = -3*z + 22. What is the units digit of z?
6
Let i(v) = v - 7. Let g be i(3). Let c(w) = w**2 - 1. Let l be c(g). Suppose -5*h + l = -2*h. What is the units digit of h?
5
Let c = 0 + 4. Suppose 15 = 6*k - k, c*j + 15 = 5*k. Suppose 4*p = 8, 3*m - 6*p + p - 23 = j. What is the units digit of m?
1
Suppose -2*h = h + 6. What is the units digit of 0/(h/1) + 10?
0
Let p(r) = -12*r - 5. Let h be p(-2). Suppose 0 = -x - 5*c + 19, 3*x = 4*x + 4*c - h. What is the tens digit of x?
1
Let l be (3/4)/(4/16). Suppose 43 - 7 = l*z. What is the units digit of z?
2
Let y = 50 + -15. What is the units digit of y?
5
Suppose 208 = z + 3*z. What is the tens digit of z?
5
Suppose 2*n = 19 + 9. Suppose 3*x - 65 + n = 0. What is the tens digit of x?
1
Let f(m) = -m**2 - 2*m - 1. Let b be f(-3). Let c be (-10)/b + (-6)/(-12). Suppose -c = -2*d + 33. What is the units digit of d?
8
Suppose -4*f = 3*j - 21, f = -0*f + j. Suppose 0*t + f = 3*t. Suppose -4*p = 2*v - 14, -p + t = v - 2*p. What is the units digit of v?
3
Suppose 0 = 2*f - 42 - 30. What is the units digit of f?
6
Suppose 0 = 9*q - 4*q - 670. What is the hundreds digit of q?
1
Let a(d) = d**2 - 6*d. Let l be a(5). Let n(z) = z + 2. Let r be n(l). What is the units digit of (1/r)/(3/(-99))?
1
Let g be (-2)/(-4) + (-92)/(-8). Let q = 7 + g. What is the units digit of q?
9
Suppose 2*l = 3*l - 27. What is the tens digit of (-4)/(-18) - (-534)/l?
2
Let a be 58/(-7) + (-2)/(-7). Let l = -22 + 3. Let j = a - l. What is the tens digit of j?
1
Suppose 2*w + 3*k - 122 = 13, 4*w = -5*k + 265. What is the tens digit of w?
6
Let j = -100 + 227. Suppose 3*l + 0*l - j = -5*a, -2*a - 3*l + 49 = 0. What is the tens digit of a?
2
Let z be (-12)/54 + (-61)/9. What is the units digit of z/(-3) + 3/(-9)?
2
Suppose -23 = -2*z + 5. Let u = -11 - -15. What is the units digit of z*(3 - 10/u)?
7
Suppose -m + 213 = -4*i - 39, -5*i - 20 = 0. What is the units digit of m?
6
What is the units digit of (4 - 1)/(3/8)?
8
Suppose -3*j + 5 = -37. Let i(f) = -f**2 + 5*f - 4. Let n be i(3). What is the units digit of j/n*12/14?
6
Let y(c) = c - 11. Let r be y(8). Let n = -7 + r. Let t = 14 + n. What is the units digit of t?
4
Let j(k) = 3*k**2 - 6*k - 14. What is the units digit of j(6)?
8
Suppose 2*o = 3*p - 11 - 5, -o = -5*p + 29. Suppose 143 = p*n - 7. What is the units digit of n?
5
Suppose -34 = -2*v - 5*n, -v + 5*n - 41 = -4*v. What is the units digit of v?
7
Let v(i) = -i**3 - i + 2. What is the tens digit of v(-3)?
3
Suppose d + 0*y - 2*y = 11, 100 = 5*d - y. What is the units digit of d?
1
Let f(g) = 137*g**3 - 2*g**2 + 3*g - 2. Let j be f(1). Let v = j + -97. What is the units digit of v?
9
Let h(s) = s**3 + 6*s**2 + 3*s + 2. Let r be h(-6). Let c be (-114)/10 - r/40. What is the tens digit of (c/3)/(3/(-9))?
1
Suppose 0 = 61*p - 56*p - 775. What is the